 - (-10 + (3 - -18)).
-11
Calculate -6 + (-5 - (2 + -9)).
-4
Calculate (3 - 4) + -7 + 8.
0
-5 - (2 + -14) - (1 + 0)
6
Evaluate (-5 - -6) + 0 - (-2 + 2).
1
Evaluate -3 + -1 + 2 - (1 + -1).
-2
1 + 1 - 1 - 1 - -4
4
2 + -3 + -2 + 2 - 1
-2
-10 - (-3 - (5 + 1))
-1
What is -6 - ((-6 - -4) + -8 - 4)?
8
Calculate 8 + -2 - -2 - 6.
2
Calculate 30 + -31 - (1 + 1) - 3.
-6
What is (1 - (-8 + 1)) + (-3 - 1)?
4
Calculate -7 + 4 - 0 - -4.
1
Calculate 2 + 4 - (3 - 0 - 4).
7
-1 + (-8 - -13 - 11)
-7
What is the value of -9 + 10 + 4 + -10?
-5
What is 6 - (-5 + (-5 - -13))?
3
What is -12 - (6 + -3) - -9?
-6
-1 + 4 + (-15 - -13)
1
Evaluate 3 + -2 - (11 + -6 + -10).
6
Evaluate (3 - (-1 - 2)) + (-2 - 12).
-8
What is -2 - (2 + -5) - (11 - 12)?
2
Evaluate 64 + -62 + (0 - 0) + 0.
2
(-6 - -3) + 3 + -1
-1
Evaluate (2 - (8 - -2)) + (-8 - -12).
-4
-5 + 1 + 8 - 6 - 7
-9
What is the value of 10 + 2 - (-25 - -31)?
6
What is 6 + (-15 - -18 - (5 - 1))?
5
4 + 2 + (101 - 114)
-7
Calculate -6 + 2 + 3 + -8 + 11.
2
What is the value of 9 + (2 - 8) - 7?
-4
Calculate -2 + 6 + 2 - (6 + -4).
4
12 + (6 - (18 - 7))
7
What is the value of -5 - -1 - 1 - -1?
-4
0 + (6 - (-4 + 5))
5
What is -3 + -1 + 2 + 5 - -2?
5
What is the value of -12 + (-9 - -20) + -2?
-3
Calculate (-6 - 0) + -127 + 136.
3
1 - (-11 - -5) - 3
4
Evaluate -21 + 16 + (5 - -2).
2
What is the value of -1 + -1 + (-8 - -18) + -7?
1
Calculate (-58 - -44) + 11 + -1.
-4
Calculate -11 - (-6 + 4 - 1) - -1.
-7
Calculate 0 - (-3 + (-1 - -5)) - 4.
-5
-10 + (-2 - (-10 - 2))
0
What is -4 + (1 - -2) + -1?
-2
What is the value of (6 - -3) + -15 + 3 + 0?
-3
What is -6 - ((-5 - 4) + 4 + 3)?
-4
What is (-11 - -1) + -115 + 122?
-3
What is the value of 13 + 3 + -6 + -1 - 3?
6
Calculate 2 + 2 + -1 + 2 + -11.
-6
What is the value of -4 + -3 + 2 - (1 - 3)?
-3
Calculate 7 + -1 - ((6 - -2) + -5).
3
What is the value of 1 + -2 - (-2 + -6 + 2)?
5
Evaluate (2 - -2) + -2 + 1 + 1.
4
-13 + -10 + 15 + 0 + 13
5
Calculate -7 + -3 + 4 + 6.
0
What is 3 + (-1 - (1 + 1 + 4))?
-4
Evaluate -3 - (1 + -6 + 6).
-4
Evaluate 5 - (5 - -7 - 9).
2
What is the value of 2 + (-5 - (6 - (0 - -8)))?
-1
5 + (2 + (-4 - 4) - -5)
4
What is 4 + (-9 - (3 - 5))?
-3
4 - 8 - -16 - 11
1
What is the value of -4 - (-1 - 18 - -12)?
3
What is the value of 6 - (-11 - -3 - -10)?
4
What is the value of 10 + -12 + 9 + -6?
1
(-1 - 5) + 2 - (0 + 0)
-4
What is the value of 3 - (0 + (5 - 0))?
-2
What is (6 + -4 - 6) + 6?
2
Evaluate 5 + -16 - (2 - (-1 + 10)).
-4
Evaluate 1 + 0 + (4 - 1) + -1.
3
What is (-2 - (-8 - 2)) + -10?
-2
What is 4 - ((2 - 1) + -2 + 6)?
-1
Evaluate 5 - (1 + -5 - -5).
4
Calculate 1 + 6 - (45 - 47).
9
(1 - -1) + -4 - -7
5
What is -4 - 5 - (-2 + -2 - -1)?
-6
1 - (-2 + 0 + 3)
0
What is the value of 1 - (-7 - (-4 + -2))?
2
Evaluate (-1 + -7 - -6) + 3.
1
What is the value of -19 + 11 + (9 - 9)?
-8
-1 - (-2 - -13) - (-83 - -80)
-9
What is the value of 3 + -3 + (4 - 0)?
4
What is the value of -1 + -9 + -5 + 13?
-2
-9 + (3 - -7) - 2
-1
5 - (9 + 0) - -4
0
What is the value of 2 + 5 - 1 - 0 - 7?
-1
5 - (4 - 2) - 3
0
What is 0 + (6 - (6 + 0))?
0
Calculate -3 + 3 - (4 - 4 - 3).
3
What is 1 - 0 - (0 + 2)?
-1
Evaluate 3 - (2 + -11 + 5).
7
Evaluate 12 + -2 + 5 + -6.
9
What is the value of 11 - (-5 + 15) - -3?
4
What is -1 - 2 - (1 - (-2 - -4))?
-2
What is 6 + (-8 - -2 - (-3 - -1))?
2
Evaluate -1 - 4 - (0 + 5 + -5).
-5
What is (1 - 3) + -3 + 6 - 3?
-2
Calculate (5 - (-4 + -1)) + -5.
5
What is 3 + (-5 - 3) + 4?
-1
Evaluate -2 - -2 - (-9 + 7).
2
What is (-3 + 15 - 3 - 3) + -7?
-1
(-17 - (-14 + 5 - -4)) + 2
-10
What is 4 - -18 - (13 + 0)?
9
(3 + -1 - -2) + -5
-1
What is the value of (51 - 53) + (2 - -1)?
1
-3 - 1 - (-2 + 3 + -3)
-2
Evaluate 3 - (8 - (16 + -6)).
5
What is 3 + -11 - (-1 - 2)?
-5
Evaluate -6 - ((4 - 4) + -13).
7
Evaluate (3 - (4 + 1)) + 6 + -3.
1
Calculate (1 - -7) + -18 - -3.
-7
What is the value of 0 - -1 - 5 - -2?
-2
What is the value of 1 + -1 - (-2 + (4 - 1))?
-1
Calculate -3 - (-4 + 5 + 0).
-4
What is 4 + 1 + -3 + -6?
-4
Evaluate 11 - -7 - (27 + -18).
9
What is 8 + -4 - (4 + -6 + 2)?
4
Calculate 16 + 1 - (-33 + 40) - 3.
7
What is the value of -4 + (-1 - (-5 + -1 + 4))?
-3
What is the value of (-1 - -8) + (-12 - -3)?
-2
Calculate 9 - (-1 - (-2 + 3 + -5)).
6
What is (2 - -3) + -4 + (-1 - 0)?
0
Calculate -10 - (-23 - -10) - (-4 - -1).
6
Calculate 0 + (6 - (-3 - -14) - -2).
-3
Evaluate 33 + -28 - (1 + 4).
0
Evaluate 5 + -1 + -8 + 5.
1
Evaluate -9 + (-1 - 1 - -6) + 0.
-5
What is 65 + -62 + (3 - 1) + 1?
6
(7 - 4) + (3 - 11)
-5
What is (12 + -17 - -6) + 2 + -4?
-1
What is the value of (-42 - -30) + 4 + 2?
-6
What is the value of -2 + 5 - -3 - 3?
3
What is 1 - (-1 + 7 + -10)?
5
What is the value of -7 - (-6 + -2 + 4)?
-3
Evaluate 4 + (0 - 1) - -1.
4
Evaluate 3 + -8 + 2 + -1 + 0.
-4
Evaluate 0 - (-10 - -7 - 0).
3
What is the value of 1 + (3 - 9 - -4)?
-1
What is 0 - (1 + -7 - -1)?
5
Evaluate (-9 - 0) + -24 + 31.
-2
Evaluate 7 + (-5 - 5) - (-9 - 0).
6
Calculate (17 - 17 - 8) + 1 + 3.
-4
What is 7 + (-4 - (1 - 0))?
2
What is the value of 10 + -5 - (5 + 0) - -2?
2
Calculate (-2 + -8 - -11) + 3 + -6.
-2
Evaluate (16 - 16) + (-4 - 1).
-5
Evaluate (-14 - -12) + 1 + 1 + 0.
0
What is -2 - (-1 + 3) - (17 + -18)?
-3
What is (1 - (9 - 5) - -1) + 5?
3
What is 17 + -6 + -8 - 5?
-2
-3 - -1 - (-24 - -21)
1
What is -4 + 1 + -18 + 16 - -2?
-3
What is (1 - -2) + 20 + -20?
3
Calculate (16 + -1 - 8) + -7 + 3.
3
Evaluate 0 - (1 + -1 + -13 + 16).
-3
Calculate (0 - 1) + 6 + 69 + -69.
5
(3 - 2 - -3) + -2
2
What is the value of -3 + (-11 - -24) + -1?
9
What is -3 + 4 + -8 + 7?
0
Calculate 7 + -5 + -8 - -7.
1
What is 4 + (-1 - (8 + -5))?
0
Calculate (3 - 3) + 7 + -10.
-3
What is the value of 2 + (-4 - (-3 + 4))?
-3
Evaluate 2 + -2 + -5 - 0.
-5
6 + (-1 - -1) - (27 - 27)
6
What is (3 - 2) + (-1 - (4 - 5))?
1
What is (1 + 1 - 4) + 7?
5
(8 - (-3 - -7)) + -9
-5
What is the value of 5 - (-10 - (-7 - -6) - -4)?
10
Calculate 7 - (2 + 3 + -2 + -1).
5
Evaluate -9 + 17 + -11 + 9.
6
What is the value of (7 - (0 - -2)) + 1 + -1?
5
1 + -3 - (-5 + 2)
1
Evaluate 8 + (-5 - 0 - 5).
-2
Evaluate 1 + 12 + -4 + 0.
9
What is 1 - 3 - (-7 + 11 + -10)?
4
What is the value of 1 + -4 - (3 + -3)?
-3
What is the value of -3 + (3 - -7 - 9)?
-2
7 + (7 - 12 - 7)
-5
Calculate -11 - (10 - 22 - -9).
-8
-2 + 5 + -7 - -4
0
What is -9 - (5 - (9 + 0) - 0)?
-5
Calculate 3 + -1 + -6 + 1.
-3
What is 6 + (-14 + 7 - -15 - 10)?
4
Evaluate -3 - (-3 + -5 + 5).
0
What is the value of (9 - 9 - 10) + (2 - -2)?
-6
Calculate 0 + 0 + 3 + -4 - 0.
-1
What is 19 + -14 + 4 + -2 + 2?
9
What is the value of (2 - (-2 - (-5 - 1))) + 6?
4
What is the value of (0 - -9) + -9 + 4?
4
What is 3 + (0 - (2 - (2 - 2)))?
1
What is 5 - (0 - (7 + -8))?
4
What is the value of (-15 - -11) + (2 - (3 + 0))?
-5
What is the value of -2 + (10 - (0 - -2) - 3)?
3
What is the value of -46 + 50 + 1 + 0?
5
-1 - -3 - (-17 - -20)
-1
Calculate -3 + (2 - (-4 + 2)).
1
Evaluate -2 + -1 - -4 - -3 - 0.
4
(-35 - -40) + (1 - 2)
4
5 + -2 + 1 + -6
-2
What is the value of (2 + -2 - -4) + -2 - -4?
6
Calculate -2 + -1 + 6 + -1 + -4.
-2
What is the value of -1 - (-4 - (2 - (2 + 1)))?
2
What is the value of -3 + 1 + (-3 + 11 - 4)?
2
(-4 - -3) + (-7 - -3)
-5
What is the value of 1 - 1 - (-1 + -1) - 1?
1
What is 2 - (1 - (-3 - (-2 - 0)))?
0
Evaluate 8 + (-9 - -14) + -11.
2
7 + 0 + (2 - 4) + 0
5
What is the value of 3 + 1 + (-7 - -3) + 2?
2
Calculate 8 - (0 - (-5 - -2)).
5
Evaluate (-15 - -17) + -2 + -1.
-1
Evaluate 3 + ((4 - 0) + -3 - 4).
0
Calculate (-8 - 2) + -2 - -9.
-3
What is 12 + (-2 - (-1 - -5)) - 6?
0
1 + (0 + -7 - -3) + 0
-3
Calculate -5 + -2 - (-16 - -14).
-5
What is 0 + (-6 - -1) - 0?
-5
(42 - 30) + 0 + -8
4
What is -12 - -2 - (-13 + 3)?
0
Evaluate (31 - 30) + (7 - 1) - 1.
6
What is the value of -5 + 5 - (2 - 1)?
-1
What is the value of 1 - 7 - (4 - 6)?
-4
What is the value of 4 - (6 + (-6 - (-3 - 0)))?
1
0 - ((-2 - 1) + 1)
2
-10 + -5 + 7 + 9
1
What is -1 - (-17 - -6) - 8?
2
-2 + -5 - -2 - (-45 - -35)
5
What is -1 + 4 + 0 - 2?
1
Evaluate 2 + 11 + -1 - (-21 + 25).
8
Calculate 6 - (7 - (0 - -3)).
2
Calculate -4 + (5 - 0) + -4.
-3
Evaluate -5 + (6 - (-6 + (-1 - -7))).
1
Evaluate (-2 - -9) + 8 + -16 - -5.
4
What is 4 + (1 - (0 + 0))?
5
What is the value of 12 + -11 - (-2 + (-5 - -3))?
5
(-6 - -5) + 1 + 5 